 n be (-15 - -1)*4/(8/s). What is the highest common factor of n and 27?
27
Suppose -11*v + 12*v = 0. Let j(h) = 6*h + 7*h + 32 + v*h. Let r be j(6). What is the highest common divisor of r and 10?
10
Suppose -4*a - 41 = -101. Suppose 3*k = 3*o - 1413, -k + 12 = -4*k. Suppose -133 = -8*i + o. Calculate the greatest common factor of a and i.
15
Let q = -41 - -52. Suppose 143 = -0*c + q*c. Calculate the greatest common divisor of c and 91.
13
Suppose -7*q + 3919 = 2610. Calculate the highest common factor of 253 and q.
11
Suppose -6*z + 4*z = s + 20, 0 = -s - 4*z - 22. Let l(x) = 2*x**2 + 32*x - 24. Let d be l(s). What is the highest common divisor of d and 144?
48
Suppose 12*o = 18*o - 11*o. Suppose o = -332*n + 327*n + 65. What is the greatest common factor of 143 and n?
13
Let t be 243/27*((1 - -1) + -1). Suppose t*v = -22 + 130. Calculate the greatest common divisor of v and 108.
12
Let r = 38067 + -18390. What is the highest common factor of r and 42?
21
Suppose 2*j + 4*w - 62 = -14, -2*j = 3*w - 51. Suppose -180835 = -1451*h + 73170 - 53767. Calculate the greatest common divisor of j and h.
6
Let f be 275 + 15/(-2)*4*17/102. What is the highest common divisor of f and 1530?
90
Let b be (-6)/((-96)/592) - -11. Suppose 0 = -c - 7 + 73. Calculate the greatest common divisor of c and b.
6
Let i(y) be the second derivative of 7*y**3/6 - 111*y**2 - 85*y. Let z be i(36). What is the highest common divisor of z and 18?
6
Let y = -51 + 30. Let h be (-282)/8 - (-15)/60. Let s = y - h. What is the highest common divisor of s and 56?
14
Let m be (-1)/(21/6) - 30/(-7). Suppose -m*v - 68 = 2*r + 776, -5*r = -2*v - 398. Let k = v - -308. What is the greatest common divisor of k and 11?
11
Let a be 1 + -7 + (-3)/(-1). Let x be 7 + -9 - 1/(a/1275). Calculate the greatest common factor of x and 47.
47
Suppose 2*w = 6, -3*w - 1014 = -2*x + w. Let j = 772 - x. Suppose -5*g = 17 - 202. What is the highest common divisor of j and g?
37
Let q(r) = r**3 - 5*r**2 - 12*r - 8. Let j be q(7). Suppose 13*z + 3402 = 20*z. What is the highest common factor of j and z?
6
Let l be (1*1636 - 2)*42/84. What is the greatest common divisor of 387 and l?
43
Let y = 1146 + -480. Let f be -27*((-32)/84 - 12/42). What is the highest common factor of y and f?
18
Suppose -3*h + 3099 = 5*w, 0 = 78*w - 82*w + 3*h + 2463. Calculate the highest common divisor of w and 114.
6
Let d be 19330/3 - 7770/2331. What is the highest common divisor of 90 and d?
10
Suppose -17*p + 45 = -8*p. Suppose -314 - 241 = p*b. Let o = b - -123. What is the greatest common divisor of o and 324?
12
Suppose 15*r + 12540 = 45*r. What is the highest common factor of r and 154?
22
Let x be ((-5)/(-3))/((-1)/(-3)). Let w = -60 + 100. Suppose 55 = 3*g + w. What is the greatest common divisor of x and g?
5
Let w(s) = 225*s**2 - 16*s + 15. Suppose 20 = -4*v, -2*t + 8 = t - v. Let p be w(t). What is the greatest common factor of p and 56?
56
Let o(p) = p**2 + 38*p + 222. Let r be o(-7). Let b = 12 + -8. Suppose -v + 1 = -b. Calculate the greatest common divisor of v and r.
5
Suppose -2*l + l + 1978 - 1132 = 0. Calculate the highest common divisor of 558 and l.
18
Let v be (-168)/21 + (-12)/(-3). Let h(c) = 4*c**2 - 28*c - 80. Let f be h(v). What is the highest common factor of f and 120?
24
Suppose 129*x - 117*x = 48. Suppose 2*w + x = 0, -3*j = -11*w + 9*w - 46. What is the greatest common factor of j and 1022?
14
Suppose 4167*r - 336 = 4155*r. Calculate the highest common factor of r and 1162.
14
Let s(f) = 42*f + 2. Let x be s(3). Suppose 72*i - 74*i = 12, 3*p = 2*i + 60. Calculate the highest common factor of p and x.
16
Suppose -3*a = 4*s - 5 - 24, 2*s - 2*a - 4 = 0. Let o(c) = c**3 - 5*c**2 + 24*c + 35. Let w be o(5). What is the greatest common divisor of w and s?
5
Let b be (-399)/(-19) + (-759)/(-11). Calculate the highest common divisor of 15615 and b.
45
Let l be 290/20 + (-9)/6. Let c be -9 + 3 - (l + -55). Calculate the highest common divisor of 18 and c.
18
Suppose 2*u + z + 0*z - 85 = 0, 0 = -4*u - z + 173. Suppose -k - 2*c + 108 = 0, 2*k + 2*c + 112 = 3*k. What is the greatest common factor of u and k?
22
Suppose 2*v - 75*w - 296 = -71*w, -2*v + 386 = 5*w. Let q = 165 - -423. What is the greatest common divisor of v and q?
84
Let i = -5 + 49. Suppose 5*d = b + i, 0 = -5*d + 2*b - 3 + 46. Let w(j) = 44*j**2 - j. Let u be w(-1). Calculate the highest common divisor of u and d.
9
Suppose -5929 = -46*w - 3*w. What is the highest common divisor of w and 33?
11
Let d(b) = -b**3 - 22*b**2 - 40*b - 312. Let f be d(-25). Calculate the highest common divisor of f and 2796.
233
Let h(u) = 4*u**2 - 93*u + 58. Let f be h(30). What is the highest common divisor of 124 and f?
124
Let t be (-74)/7 + (-3)/7 - -26536. What is the greatest common divisor of t and 25?
25
Let h(s) = 1063*s - 10329. Let z be h(10). Suppose -o = 14 - 57. What is the highest common divisor of z and o?
43
Let z be 12 - -12 - -7 - 2/(-2). Calculate the greatest common divisor of 10976 and z.
32
Let a = 19257 + -17185. Calculate the greatest common factor of a and 14.
14
Let h(u) = u**3 + 7*u**2 + 3. Let z be h(-7). Let j = 8 + z. Let g be ((-3 - -2) + -21)*-4. What is the highest common factor of g and j?
11
Suppose 4*m + 10 = -2. Suppose 38 - 47 = h. Let r = m - h. Calculate the greatest common factor of r and 24.
6
Let q(f) = 524*f**2 + 11*f + 32. Let i be q(-3). What is the greatest common divisor of 230 and i?
115
Suppose -5*u + u = -2*u - 132. Calculate the greatest common divisor of 62 and u.
2
Let w = 24425 + -23399. What is the greatest common divisor of 12 and w?
6
Let f be (-15)/(-25)*4*145. Let n = -13 - -37. Calculate the highest common factor of n and f.
12
Let x be 114/(-4)*((-146)/30 - 66/(-330)). Suppose -9*t = -3 - 186. What is the greatest common divisor of t and x?
7
Let g(d) = -17*d + 16*d + d**2 + 4 - 19*d. Let i be g(20). Let z be i/8 - 34/(-4). What is the greatest common divisor of z and 12?
3
Suppose 12 + 28 = 4*k - 6*h, -4*k + 5*h + 36 = 0. What is the highest common divisor of 32 and k?
4
Let u be 2 + (-83)/8 - (-6)/16. Let n be (0 + 2/(-4))*96/u. Suppose 0 = 2*w + x - 18, -5*w + 4*x + 13 = -n. What is the highest common divisor of 49 and w?
7
Let q = 167 - 612. Let z be (q/20 + 3)*-4. Let s = z + -70. What is the greatest common divisor of s and 63?
7
Suppose -308 = -2*v + 5*w, 20*v - 17*v + 3*w = 483. Suppose v*l - 147*l = 168. What is the highest common divisor of 21 and l?
7
Let v be 7 - (-6320 + (3 - 3)). Suppose -36*k - k = -v. Calculate the greatest common factor of 9 and k.
9
Let j be 8439/116 - 3/4. What is the highest common divisor of 9 and j?
9
Suppose 2*x = 5*u - 26471, 74*u - 70*u - 21157 = -5*x. What is the highest common factor of u and 158?
79
Suppose 2*q + 3*w - 97 = 0, 0 = 4*q + q - w - 234. Suppose 9 = 8*y - q. Calculate the highest common factor of 49 and y.
7
Let z be (5424/(-42) + 4)/(18/(-63)). Calculate the highest common divisor of z and 102.
6
Suppose -203 = g + 3*v - 81, -2*g - 4*v - 242 = 0. Let p = 128 + g. What is the highest common factor of p and 324?
9
Let s = -115 - -116. Let x be (0 - -3 - s) + 22 + 0. Suppose -2*l + 3*i + 41 = 0, -36 = -3*l - 3*i - i. Calculate the highest common factor of x and l.
8
Suppose 0 = -25*q - 146 + 3546. Suppose q*s - 1235 = 131*s. Calculate the highest common divisor of 39 and s.
13
Let h be -38 + 40 + (6 - -9222). What is the highest common divisor of 52 and h?
26
Let w = -100 - -185. Suppose 6 = j + 1. Let i be (-17)/w - (-401)/j. What is the highest common factor of i and 10?
10
Let x(u) = -u**3 + 15*u**2 - 37*u + 20. Let m be x(12). Suppose 4*f - c = 81 + 717, 0 = 4*c - m. Calculate the greatest common factor of f and 40.
40
Let d(l) = -603*l - 4045. Let y be d(-7). What is the highest common divisor of 297 and y?
11
Suppose -5*c = 22*b - 25*b + 8492, -4*b + 11318 = -2*c. Calculate the highest common factor of b and 246.
123
Suppose -5*h + 50 = 5*h. Suppose -a - h*m - 3 = 0, 4*a = 3*m + 75 - 18. Calculate the highest common divisor of 36 and a.
12
Suppose 5*r + 85 - 100 = 0. Suppose 0*k - 23 = -k - b, 0 = -2*k - r*b + 45. Calculate the greatest common divisor of 456 and k.
24
Suppose -2994*g + 4*n = -2990*g - 980, 1215 = 5*g - 3*n. Let t = -74